 7, 11, 17
What are the prime factors of 91074516/1548 + 2/(-3)?
3, 2179
Suppose z = 3*z - 8. Suppose -24*r = -23*r - z. Let t(h) = -h**3 + 7*h**2 - 7*h + 8. List the prime factors of t(r).
2, 7
Let i = 68 + -59. Suppose i*d - 97 + 7 = 0. What are the prime factors of (d/25 + 252/(-5))*-2?
2, 5
Let z = -119 - -139. Suppose 19356 + 8204 = z*y. What are the prime factors of y?
2, 13, 53
Let g = 55443 - -21060. What are the prime factors of g?
3, 7, 3643
List the prime factors of (-184034)/(-27) - 166/2241.
2, 3, 71
Let m be 16/(3 + 6 - 3 - 4). Suppose -a - 2*l = -m, -6*a - 5*l + 20 = -a. Suppose a = -2*j - 0*j + 2, 145 = z - j. What are the prime factors of z?
2, 73
Let x = -17 + 23. Let z(s) be the second derivative of -s**3/3 + 17*s**2 + 23*s. What are the prime factors of z(x)?
2, 11
Let q(o) be the third derivative of 16*o**2 + 0*o + 0 + 1/60*o**5 - 5/3*o**3 + 1/4*o**4. What are the prime factors of q(7)?
3
Let c be -18 + -1 + 5 - 2. What are the prime factors of 2/(c/18)*-124?
3, 31
Let i(j) = -j**3 + 7*j**2 + 5*j + 26. Let s be i(8). Suppose -p - s*r + 81 = -5*r, 10 = 2*r. Suppose 0 = -3*x + p - 0. List the prime factors of x.
2
Let f(d) = -9*d - 24. Let i be f(-4). Suppose i = 3*m - 9. Let z(w) = w**3 - 4*w**2 - 3*w - 3. What are the prime factors of z(m)?
3, 41
Let l = 20067 - -16947. What are the prime factors of l?
2, 3, 31, 199
Suppose -z - 11941 = 17*g - 21*g, 5*g + z - 14924 = 0. List the prime factors of g.
3, 5, 199
Let g be (-453)/(-12) - (-57)/(-76). Suppose g*h - 2722 = 18701. What are the prime factors of h?
3, 193
Let z be 5/((-5)/(-257)) - 4. Suppose 3865 = 5*g - 3*u, 0 = 4*g - u - z - 2839. List the prime factors of g.
773
Let g be (4138 - 0)/(-1) - -2. Suppose 484*t = 458*t - 78. What are the prime factors of (g/33)/(2/t)?
2, 47
Suppose -8 + 0 = -2*j. Suppose -4*k + 3*y + 9 = 0, -8 = -j*k + y + 3*y. Suppose -k*z + 0*z + 482 = 5*u, -u + 92 = 5*z. List the prime factors of u.
97
Let l = 584 - 427. List the prime factors of l.
157
Let d(o) = 13961*o**2 - 278*o - 553. What are the prime factors of d(-2)?
11, 5077
Suppose 45*x + 172*x = 12236415 - 3443141. What are the prime factors of x?
2, 20261
Let h = -213 + 218. Suppose -4*s + 244 - 1889 = -h*m, 2*m - 665 = 3*s. List the prime factors of m.
5, 13
Suppose 4*t = -o + 1, 5 - 1 = 4*o - 3*t. List the prime factors of 58 - 16 - o*4.
2, 19
Let v = 205496 + -140208. What are the prime factors of v?
2, 8161
Suppose -10 = 8*v - 10*v. Suppose 2*z - 6*z + 40 = l, -v*l - 5*z + 245 = 0. List the prime factors of l.
2, 13
Let m = -1650 - -565. Let c = m + 1848. List the prime factors of c.
7, 109
Let f(m) = -2*m**2 + 23*m - 7. Let a be f(11). Suppose a*h + 820 = 2740. Suppose -8*x + h = -0*x. List the prime factors of x.
2, 3, 5
Let a be (883 - -1)/((-8)/(-12)). Let s = a - 798. What are the prime factors of s?
2, 3, 11
Let c be 16/12*(-99)/(-2). Suppose c = v - 65. Let z = v + -67. What are the prime factors of z?
2
Suppose m + 16967 = c + 74041, 5*c + 114124 = 2*m. List the prime factors of m.
2, 28541
Let t(g) = 93*g - 16. Suppose 2*f - 4*z - 16 = 0, 0*z = 3*f - 3*z - 9. Let q be t(f). Let c = q + 346. List the prime factors of c.
2, 3
Let u = 39591 - 23369. List the prime factors of u.
2, 8111
Suppose -3*h - a + 29 = 0, a + 27 = 2*h + 2*h. Let u be 0 - (-20 - -12) - (9 + -1). Suppose -h*y - 179 + 579 = u. List the prime factors of y.
2, 5
Let c be 1/(-2) + 82/4. Suppose -x + 5*x + 16 = 5*m, -4*m - 4*x = -c. Suppose 0 = m*r - 2*r - 282. List the prime factors of r.
3, 47
Let s = 110 + -33. Suppose -8*t = -613 + s. Let b = 82 - t. What are the prime factors of b?
3, 5
Let r = 169 - 166. Suppose -6*a + 441 = r*a. List the prime factors of a.
7
What are the prime factors of ((-16)/(-10))/(28/271355)?
2, 7753
Let g(o) = 252*o**2 + 93*o + 590. What are the prime factors of g(-6)?
2, 569
Let m = 179 + 261. Suppose -m = 3*i - 1343. Suppose -2*q = -i + 81. What are the prime factors of q?
2, 5, 11
Suppose -l - 4*i + 9 + 14 = 0, -l = -2*i + 7. Let w(x) = -2*x + 4. Let v be w(-4). Suppose -v*o + l*o + 783 = 0. What are the prime factors of o?
3, 29
Let j = -354 - -475. Let m = j + -10. List the prime factors of m.
3, 37
Suppose 11*m - 810 = -4*m. Suppose -m = 3*i + 45. Let k = 228 - i. List the prime factors of k.
3, 29
Let h(x) be the first derivative of -x**4 - 5*x**3/3 - 3*x**2 + 2*x + 60. What are the prime factors of h(-4)?
2, 101
Let l = -6140 - -7183. List the prime factors of l.
7, 149
Suppose u = -5*n + 104281, -14 = 2*u - 16. Suppose -6*j - 18*j + n = 0. List the prime factors of j.
11, 79
Let b = 25 - 12. Let s be 0*1/1 + 13/b. Let m(r) = 95*r**3 + r**2 + r - 1. What are the prime factors of m(s)?
2, 3
Let r(n) = -3*n**2 - 2*n + 4. Let x be r(-3). Let t = x - -14. Let b(c) = c**2 - 3*c + 4. What are the prime factors of b(t)?
2, 11
Let n = 412 + -408. Suppose 0*j = 4*j + 2*g - 3364, 3*j = -n*g + 2518. What are the prime factors of j?
2, 421
Suppose 0 = -2*m + 16*m - 56. Suppose -m*n = -2*n. Suppose n = -8*u + 12*u - 60. List the prime factors of u.
3, 5
Suppose -2*j - 2*j = -3*z - 887, 2*z - 6 = 0. Let r = 136 + j. What are the prime factors of r?
2, 3, 5
Let u = 202411 - 136565. What are the prime factors of u?
2, 11, 41, 73
Suppose 0 = -n + 10*l - 15*l - 622, -2*n + 3*l - 1270 = 0. Let w = -265 - n. What are the prime factors of w?
367
Suppose -4*f - 575 - 469 = -3*x, -3*x + f + 1062 = 0. What are the prime factors of x?
2, 89
Suppose 1692*r - 4915 = 1691*r. What are the prime factors of r?
5, 983
Let c = -16131 - -29461. List the prime factors of c.
2, 5, 31, 43
Let s(g) = g**2 + 17*g - 29. Let c be ((-3)/2)/((-9)/(-6)). Let b be (10008/56)/(-9) - c/(-7). What are the prime factors of s(b)?
31
Suppose -2*z - 17 = -21. Let x(k) = 9*k**2 + 110 + 9*k**2 - 17*k**z + k**3 - 2. List the prime factors of x(0).
2, 3
Suppose -3*d - 35 = 3*h - 8*h, -4*d - 16 = h. Suppose 4*w - 520 = -h*w. Let f = -27 + w. List the prime factors of f.
2, 19
Let r(j) = 2*j**2 - 28*j + 844. List the prime factors of r(31).
2, 13, 73
Suppose 18 = 2*v + 4*b, -3*v + 20 + 3 = 4*b. Suppose -v*w = 3*s - 548 - 54, -3*w - 433 = -2*s. List the prime factors of s.
11, 19
Suppose -2*o + 32 = -4*v, o - 4*v - 10 = 6. Suppose 2*g - 20 + o = 0. Suppose 5*l - 3*w = g*w + 25, w = 0. What are the prime factors of l?
5
Suppose -2*j = -9*k - 2462, j + 10*k - 1245 = 11*k. List the prime factors of j.
1249
Suppose -3*x + 3*q + 18 = 0, 2*q + 20 = 2*x - 2*q. Let t(y) = 9 - 3*y - 6*y + 2*y**3 + 4*y**x + 6*y - y. What are the prime factors of t(4)?
5, 37
Suppose 17*q = 6*q - 77. Let s(r) = 2*r + 34. Let j be s(q). What are the prime factors of j*((-62)/(-5) - 4)?
2, 3, 7
Let u be (-4)/(-8) - (84/8)/(-7). Suppose -2*t + 1583 = u*o + o, 0 = -5*o - 5. List the prime factors of t.
13, 61
Suppose -200 = -5*s - 180. Suppose -s = -k - 1. Suppose -4*y + 222 = 2*r, -64 = 3*y + k*r - 238. List the prime factors of y.
53
Let u(o) = 11*o - 4. Let d be u(3). Suppose 0 = -5*j - d + 44. Suppose 3*t = p + t - 168, p - j*t = 165. What are the prime factors of p?
2, 3, 29
Let z be (7 - 8)*(-4)/(8/10). Suppose 5*k - 2*n - 3888 = 0, -z*k + 4*n = n - 3892. List the prime factors of k.
2, 97
Let y be 420/280*(-1 - (-7)/3). Suppose -y*n - 2*l = -944, 0 = 2*n + n + l - 1408. List the prime factors of n.
2, 3, 13
Suppose d = -19 + 29. Let t(j) = -j**3 + 17*j**2 - 22*j - 28. What are the prime factors of t(d)?
2, 113
Let r be (5 + (-15)/(-6))*168. Let p = -891 + r. What are the prime factors of p?
3, 41
Suppose -31239 = -5*v + 2*b, -25005 = 484*v - 488*v - 3*b. What are the prime factors of v?
3, 2083
Suppose -4*l + 3 = -5*l. Let k be (l/5)/(4/40*2). What are the prime factors of (-2)/k + -1 - 7140/(-90)?
79
Suppose 386 = -3*o + d + 7732, -d = 3*o - 7336. What are the prime factors of o?
2447
Suppose 73*u - 72*u - 282542 = -5*o, -4*o - 4*u + 226056 = 0. What are the prime factors of o?
11, 467
Suppose 3*c = 78*c - 1795500. List the prime factors of c.
2, 3, 5, 7, 19
Let w = -2264 - -7095. What are the prime factors of w?
4831
Let d(t) = 4*t**2 + 5*t - 4. Suppose 8*p - 3 = 5*p. Let n be d(p). Suppose 4*a + 8 - 112 = -n*v, -104 = -4*a - v. List the prime factors of a.
2, 13
Let j = -11842 - -22548. List the prime factors of j.
2, 53, 101
Let r(d) = -d**2 + 4